rime factors of f.
2, 89
Suppose -2 = -5*f + 33. Suppose 266 = -f*o + 819. List the prime factors of o.
79
Suppose -j - 4*x + 1668 = 3*j, 2*j - 799 = 5*x. Let t = 641 - j. What are the prime factors of t?
229
Suppose -2 + 8 = 3*l. Suppose -n + 63 = -l*y - 2*y, 0 = -n - 5*y + 36. What are the prime factors of n?
3, 17
Suppose 0 = -488*d + 478*d + 44550. What are the prime factors of d?
3, 5, 11
Suppose 0 = -2*l, -3*n = -4*l - 3567 - 1500. What are the prime factors of n?
3, 563
Let t(a) = 5*a**3 - 14*a**2 + 6*a + 13. Let h(g) = 6*g**3 - 15*g**2 + 6*g + 14. Let v(w) = -3*h(w) + 4*t(w). What are the prime factors of v(7)?
199
Let c = -221 + 370. What are the prime factors of c?
149
Let k(u) = 3*u**2 - 19*u + 6. Let v be k(6). Suppose v = 10*m - 7*m - 93. What are the prime factors of m?
31
List the prime factors of (((-147)/(-14))/(-21))/((-2)/4972).
11, 113
Let p = 1701 - 112. What are the prime factors of p?
7, 227
Let h = 69 - 69. Suppose -2*z + u + 159 = 0, 0 = -h*z - 5*z - 4*u + 404. List the prime factors of z.
2, 5
Let z(f) = -19 - 110*f + 0 + 122*f - 21. List the prime factors of z(8).
2, 7
List the prime factors of (14 - 18) + 3/(6/590).
3, 97
Let r be (-1 + -2)/((-9)/6). Let p(s) = 14 - 8 - 1 - 7*s + 7*s**r + s**3. List the prime factors of p(-7).
2, 3
Suppose 0*d - 4*k = -4*d + 3564, -d + 876 = 2*k. List the prime factors of d.
2, 443
Suppose 3*k = -0*x - x + 10, 4 = 4*x. Suppose 0 = -n - 4*n - 15, k*s - 5*n = 246. List the prime factors of s.
7, 11
Suppose -397 + 1597 = 6*v. List the prime factors of v.
2, 5
Suppose -179 = -4*m + 625. What are the prime factors of m?
3, 67
Let r(o) = 331*o**2 - o. What are the prime factors of r(1)?
2, 3, 5, 11
Let a(y) = -3*y**2 + 14*y - 11. Let c be a(5). Let h = -17 - c. List the prime factors of (-3 - -5)/(h/(-19)).
2, 19
Suppose 5*v = -2*p + 27, 5*v - 3*p + 0*p - 22 = 0. Let c = -5 - -10. Let q = v + c. List the prime factors of q.
2, 5
Let b be 4/6 + 3 + 4/3. Suppose -4*a + 1032 = -5*f + 43, b*f + 25 = 0. List the prime factors of a.
241
Suppose -m + q = -3*q + 72, -3*q + 314 = -4*m. Let c = m + 57. Let w = c - -43. What are the prime factors of w?
2, 5
Let t = 958 - 786. List the prime factors of t.
2, 43
Suppose 2000 = 7*g - 513. What are the prime factors of g?
359
Suppose 0 = -q - 3*y - 26, 2*q + 48 + 8 = -5*y. Let f(j) = j**2 - 8*j - 10. Let m be f(7). Let r = m - q. What are the prime factors of r?
3, 7
Let q(h) = -h**3 + 7*h**2 - 5*h - 1. Let b = -10 - -16. Let z be q(b). List the prime factors of 2/(-5) - (-62)/z.
2, 3
Let x = -4 + 6. Suppose -9 = -v - x*v. List the prime factors of (4 - 3 - -16)*v.
3, 17
Suppose 0 = -7*q + 3 + 18. What are the prime factors of 1512/20 + q/(-5)?
3, 5
Suppose -3061 = -l + 1713. List the prime factors of l.
2, 7, 11, 31
Let t = -3099 - -5109. List the prime factors of t.
2, 3, 5, 67
Suppose 0 = t + 3*s - 1210, -4*s = 14*t - 16*t + 2460. What are the prime factors of t?
2, 13, 47
Suppose 45*r + 320 = 53735. What are the prime factors of r?
1187
Let i = 47 - 7. Let v = i + -18. Suppose 28 = u - v. List the prime factors of u.
2, 5
Suppose p + 2*s - 743 = 0, -2*p - 5*s + 0*s = -1486. List the prime factors of p.
743
Let a(t) = t + 11. Let n be a(-5). Suppose n - 7 = j. List the prime factors of (j/3)/(2/(-162)).
3
What are the prime factors of (-4623)/(-5) - 62/(-155)?
5, 37
Let r(u) = -11*u**2 + 5*u - 23. Let f be (-13)/(-2)*(2 + 0). Let w(j) = -5*j**2 + 2*j - 11. Let t(b) = f*w(b) - 6*r(b). List the prime factors of t(-4).
3
Let o(w) = -w**3 + 11*w**2 + 12*w + 6. Let k be o(11). Suppose -3*i = -93 - k. List the prime factors of i.
7, 11
Suppose -4*l = -25 + 9. Let j = l + 39. What are the prime factors of j?
43
Suppose -22*m + 59 + 799 = 0. List the prime factors of m.
3, 13
Suppose -5*f + 19 = 2*k, 3*k - 7*k + 24 = -4*f. Suppose -2 = k*n - 8*n. Suppose -n*b = -5*b + 78. List the prime factors of b.
2, 13
Suppose 0 = -6*p + 411 + 39. Suppose 8*r = 11*r - p. List the prime factors of r.
5
Let p be ((-25)/(-10))/((-2)/(-4)). Let z(c) = c**3 - 2*c**2 + 7*c - 3. List the prime factors of z(p).
107
Suppose -6*k + k = 45. Let f = 13 + k. Suppose 53 = f*z - 5*a, z = -4*a + 3*a + 2. List the prime factors of z.
7
Suppose 15875 = 5*k - q, -13*k + 4*q + 6350 = -11*k. List the prime factors of k.
5, 127
Let p(t) be the second derivative of 11*t**3/6 + 12*t**2 + 22*t. What are the prime factors of p(9)?
3, 41
Let j(s) = 9*s**2 + 2*s + 35. List the prime factors of j(7).
2, 5, 7
Let n = 42 - 38. Suppose -n*a = 2*b - 76, 4*a = 2*b - 7*b + 70. List the prime factors of a.
2, 5
Suppose -5*b + 23 = -12. List the prime factors of (267/(-3))/(6 - b).
89
Suppose 4*s + 4*b = 8416, 1140 = -2*s - 5*b + 5333. What are the prime factors of s?
3, 19, 37
Let o(c) = 9*c**3 - 2*c**2 + 4*c - 3. Let q be o(3). Let i = -38 + q. What are the prime factors of i?
2, 7
Let m be (-243089)/(-105) - (-4)/(-30). Suppose 1405 = 5*y - m. List the prime factors of y/22 + (-18)/(-99).
2, 17
Let w(z) = -2*z**3 + 33*z**2 - 16*z + 1. Let u be w(16). What are the prime factors of u*447/(-6)*-2?
149
Suppose 2947 = 281*y - 274*y. List the prime factors of y.
421
Let f(r) = r**2 - 3*r + 2. Let q be f(3). Suppose 28 = 4*a + m, a - 8 = -m + 2. Suppose a*t - q*t = 3*w + 115, 3*w - 10 = -t. What are the prime factors of t?
5
Suppose 32*y = 27*y. Suppose y*n = 5*n + 10, 4*a - 4*n = 184. List the prime factors of a.
2, 11
Let g = -386 - 81. Let q = -257 - g. What are the prime factors of q?
2, 3, 5, 7
List the prime factors of (512 + -5 - 2) + 5.
2, 3, 5, 17
Suppose 150 = -5*d - 3*g - g, 2*d - 2*g = -42. Let q = d - -18. List the prime factors of (-2 - 2/q)*-4.
7
Let w(k) = -3*k**3 - 7*k**2 + 7*k + 15. Let y(f) = 4*f**3 + 6*f**2 - 8*f - 15. Let l(h) = -3*w(h) - 2*y(h). List the prime factors of l(-9).
2, 3, 5
Let a(l) = 2*l**2 + 7*l - 7. Let f be a(-5). Suppose 0 = f*j - 6*j - 80. Suppose 3*u + j = 5*u. List the prime factors of u.
2, 5
Let t(j) = 24*j + 130. What are the prime factors of t(2)?
2, 89
Suppose 0*x = 2*x - 4. Suppose -x*f - 2 = 20. What are the prime factors of 2/f + (-101)/(-11)?
3
Let o(w) = 3*w - 6. Suppose -4*c = x - 2*c + 24, 0 = -2*x - 3*c - 43. Let r be -3 - -6 - x/2. List the prime factors of o(r).
2, 3
Let o(t) = 5*t + 3*t + 5*t**2 + 1 - 4*t. Suppose 0 = -v - s - 6, 3*v + 5*s + 29 - 5 = 0. List the prime factors of o(v).
2, 17
Suppose -5*l + 3810 = -2*o - 1746, 2*l - 5*o = 2235. What are the prime factors of l?
2, 3, 5, 37
Suppose 548 = 3*p - 583. Let k = p - 240. List the prime factors of k.
137
Let r = -9 - -10. Let p(k) = -7*k - 1. Let l be p(r). Let a = l + 30. What are the prime factors of a?
2, 11
List the prime factors of (34*3 - -4)*198/36.
11, 53
Suppose 2*h = 21 + 39. Let b(g) = -g**2 + g. Let q be b(2). Let m = q + h. What are the prime factors of m?
2, 7
Suppose -5 + 1 = 4*s - w, 0 = -3*s + 5*w + 14. List the prime factors of (-49)/(-21) - s/(-6).
2
Suppose 4*z + 3*z - 2*z = 0. Suppose 4*u + 4 - 156 = z. List the prime factors of u.
2, 19
Let v be 3 - (-44)/(1/10*5). Suppose -8*q + 4*q - s + 19 = 0, 23 = 5*q + s. Suppose v - 27 = q*p. What are the prime factors of p?
2
Suppose 5*w - 5*x - 15 = 0, 8 = 4*w + 4*x - 20. Suppose -10 = -t - w. Suppose 5*q - 114 = -0*n + 4*n, t*n - 39 = -2*q. List the prime factors of q.
2, 11
Let s = 528 - 1194. List the prime factors of s/2*(-16)/48.
3, 37
Suppose 205 = -b + 6*b. Let l = 23 + b. What are the prime factors of l?
2
Let o(y) = 37*y**3 - 16*y**2 + 18*y - 38. What are the prime factors of o(4)?
2, 29, 37
Let m be 304*(3/14 - 14/(-49)). Suppose 3*t - 4 = m. List the prime factors of t.
2, 13
Let f(g) = 18*g + 55. What are the prime factors of f(17)?
19
List the prime factors of 4376/7 - -3*(-1)/21.
5
Let u(b) be the second derivative of b**4/6 + b**3 + 3*b**2 - 8*b. List the prime factors of u(4).
2, 31
Let a(y) = 8*y. Let f(h) = -h**2 + 8*h + 12. Let n be f(9). Suppose 4*c - n = -t, 0 = -c + t - 2*t. List the prime factors of a(c).
2
Let n = -13 - -17. Suppose -9*h = -n*h. Suppose 0 = -3*r - 6, -a + 3*a - 2*r - 70 = h. What are the prime factors of a?
3, 11
Suppose u + 4 = 3*u. List the prime factors of (1 - u)*(-73 - -8).
5, 13
Suppose 4*h - 2*p - 13504 = 0, 2*h + 4*p - 7123 + 371 = 0. List the prime factors of h.
2, 211
Let o = -62